culate the highest common factor of 780 and 1638.
78
Calculate the greatest common divisor of 144 and 1984.
16
Calculate the highest common divisor of 11 and 473.
11
What is the highest common divisor of 342 and 874?
38
Calculate the greatest common divisor of 252 and 322.
14
Calculate the highest common factor of 2235 and 596.
149
Calculate the highest common factor of 9 and 24777.
9
What is the greatest common divisor of 140 and 175?
35
Calculate the highest common factor of 12 and 14124.
12
What is the highest common divisor of 13 and 1534?
13
What is the greatest common factor of 28 and 518?
14
What is the greatest common factor of 262 and 7729?
131
What is the highest common factor of 3982 and 22?
22
Calculate the highest common factor of 54 and 729.
27
What is the highest common divisor of 22 and 1045?
11
What is the greatest common divisor of 1554 and 19758?
222
Calculate the highest common factor of 117 and 1209.
39
What is the highest common factor of 17 and 68?
17
Calculate the greatest common factor of 272 and 2278.
34
Calculate the greatest common divisor of 152 and 893.
19
Calculate the highest common factor of 371 and 53.
53
What is the highest common factor of 48 and 3888?
48
Calculate the highest common divisor of 2 and 131.
1
What is the greatest common divisor of 3 and 201?
3
Calculate the greatest common divisor of 1044 and 12.
12
Calculate the greatest common factor of 300 and 12.
12
What is the greatest common divisor of 208 and 117?
13
Calculate the greatest common factor of 176 and 88.
88
Calculate the greatest common factor of 2674 and 14.
14
Calculate the greatest common divisor of 376 and 235.
47
What is the highest common divisor of 31 and 217?
31
Calculate the greatest common divisor of 462 and 132.
66
Calculate the greatest common factor of 1888 and 1298.
118
Calculate the highest common divisor of 250 and 170.
10
What is the highest common divisor of 42 and 1?
1
Calculate the greatest common factor of 2842 and 116.
58
Calculate the highest common factor of 26 and 48.
2
Calculate the highest common divisor of 4136 and 88.
88
Calculate the greatest common factor of 20944 and 408.
136
What is the greatest common divisor of 210 and 168?
42
What is the greatest common divisor of 42 and 1204?
14
What is the greatest common divisor of 522 and 638?
58
Calculate the highest common divisor of 120 and 1680.
120
What is the highest common factor of 2895 and 15?
15
What is the highest common divisor of 9 and 114?
3
What is the highest common divisor of 600 and 48?
24
Calculate the greatest common factor of 15609 and 516.
129
What is the highest common factor of 6 and 202?
2
Calculate the highest common factor of 39 and 624.
39
What is the highest common divisor of 90 and 840?
30
Calculate the greatest common divisor of 80 and 1560.
40
Calculate the highest common factor of 119 and 85.
17
Calculate the highest common divisor of 21 and 70.
7
Calculate the highest common factor of 391 and 69.
23
Calculate the highest common factor of 248 and 5549.
31
What is the greatest common divisor of 22 and 22?
22
Calculate the greatest common divisor of 216 and 270.
54
What is the greatest common divisor of 112 and 3787?
7
Calculate the highest common divisor of 9228 and 12.
12
What is the highest common factor of 3408 and 1420?
284
Calculate the greatest common factor of 49 and 1274.
49
What is the highest common divisor of 256 and 2080?
32
Calculate the highest common divisor of 525 and 2325.
75
What is the highest common divisor of 12 and 100?
4
What is the greatest common factor of 1921 and 51?
17
Calculate the highest common divisor of 120 and 9600.
120
What is the greatest common factor of 352 and 110?
22
What is the greatest common factor of 248 and 408?
8
What is the highest common factor of 7 and 14?
7
What is the highest common divisor of 891 and 44?
11
Calculate the greatest common divisor of 2706 and 88.
22
Calculate the highest common divisor of 355 and 8804.
71
What is the highest common factor of 416 and 3224?
104
What is the highest common divisor of 48 and 72?
24
Calculate the highest common divisor of 105 and 70.
35
Calculate the greatest common divisor of 1 and 41.
1
What is the highest common divisor of 31510 and 548?
274
What is the highest common factor of 9075 and 225?
75
What is the greatest common factor of 576 and 18?
18
What is the highest common divisor of 540 and 20?
20
What is the highest common factor of 84 and 798?
42
What is the greatest common divisor of 1632 and 51?
51
What is the greatest common divisor of 1539 and 38?
19
Calculate the highest common factor of 10 and 3840.
10
What is the greatest common factor of 725 and 29?
29
Calculate the highest common factor of 561 and 102.
51
Calculate the greatest common factor of 91 and 455.
91
Calculate the greatest common factor of 3546 and 12.
6
What is the greatest common factor of 77 and 1243?
11
What is the greatest common factor of 135 and 110?
5
Calculate the highest common divisor of 7 and 147.
7
Calculate the greatest common divisor of 2 and 346.
2
What is the greatest common factor of 10675 and 70?
35
What is the highest common divisor of 182 and 1274?
182
What is the highest common divisor of 62 and 155?
31
Calculate the highest common factor of 3 and 381.
3
What is the greatest common factor of 6955 and 642?
107
What is the highest common factor of 11095 and 350?
35
Calculate the greatest common divisor of 1856 and 16.
16
Calculate the greatest common divisor of 94712 and 8.
8
What is the greatest common divisor of 69 and 1863?
69
What is the greatest common divisor of 33066 and 11?
11
Calculate the highest common factor of 5 and 685.
5
What is the greatest common divisor of 39 and 104?
13
What is the greatest common divisor of 136 and 5848?
136
What is the highest common divisor of 20 and 120140?
20
Calculate the highest common factor of 6951 and 84.
21
Calculate the highest common divisor of 88 and 671.
11
What is the greatest common divisor of 352 and 308?
44
What is the highest common factor of 4 and 34?
2
What is the greatest common divisor of 23 and 920?
23
What is the highest common divisor of 416 and 104?
104
What is the highest common factor of 12 and 8628?
12
Calculate the highest common divisor of 35 and 70.
35
Calculate the highest common factor of 18810 and 132.
66
What is the highest common factor of 3 and 123?
3
What is the highest common factor of 81 and 45?
9
What is the greatest common factor of 20 and 100?
20
What is the highest common factor of 40 and 380?
20
Calculate the greatest common divisor of 126 and 12.
6
What is the highest common factor of 1053 and 273?
39
What is the highest common factor of 95 and 513?
19
What is the highest common divisor of 15203 and 46?
23
What is the highest common divisor of 210 and 175?
35
Calculate the greatest common factor of 37552 and 16.
16
What is the highest common factor of 63 and 27?
9
What is the highest common divisor of 49 and 91?
7
Calculate the highest common factor of 40 and 312.
8
Calculate the highest common factor of 208 and 4056.
104
What is the greatest common divisor of 308 and 1672?
44
What is the highest common divisor of 13941 and 36?
9
What is the highest common factor of 126 and 117?
9
Calculate the highest common factor of 141 and 9.
3
Calculate the greatest common factor of 57 and 513.
57
What is the greatest common factor of 70 and 2240?
70
What is the greatest common divisor of 814 and 22?
22
Calculate the greatest common divisor of 48 and 32.
16
Calculate the greatest common divisor of 240 and 1536.
48
Calculate the greatest common factor of 1791 and 9.
9
What is the highest common divisor of 280 and 322?
14
What is the highest common factor of 43096 and 24?
8
Calculate the highest common factor of 348 and 1479.
87
Calculate the greatest common divisor of 189 and 84.
21
Calculate the greatest common factor of 39 and 897.
39
What is the highest common divisor of 189 and 1092?
21
Calculate the highest common divisor of 416 and 7384.
104
Calculate the highest common divisor of 34 and 4.
2
Calculate the highest common factor of 280 and 40.
40
Calculate the highest common factor of 210 and 60.
30
What is the greatest common factor of 1037 and 85?
17
What is the great